ose 3*r = 3*w + 9, 3 = 4*w - r + 2*r. Let v be w + -30 + -8 + 8. What are the prime factors of v/9*(147/(-2))/1?
5, 7
Let a = 77 - 77. List the prime factors of (768 - (2 + a)) + 4 + -5.
3, 5, 17
Suppose -3*t - 1 = -4, 5*r = -3*t + 3. Suppose -h + 4 = -r*h. Suppose 468 = h*o - 5*w, 4*o - 5*w = -2*w + 468. What are the prime factors of o?
3, 13
Let w = -19177 - -50349. What are the prime factors of w?
2, 7793
Suppose -13 = -5*y - 2*l + 19, y + 4*l = -8. Let m(t) = 21*t - 11. Let d(o) = o**2 - 62*o + 31. Let n(h) = 3*d(h) + 8*m(h). List the prime factors of n(y).
53
Let f(a) = -57*a - 17. Let h = -67 + 76. Let w be f(h). List the prime factors of (w/4)/(-3*(-5)/(-30)).
5, 53
Let y(q) = 12 + 17 - q - 5*q**2 - 7. Let g be y(0). Suppose -g*t + 24*t = 230. List the prime factors of t.
5, 23
Let a = 157 + 61. Suppose 0 = -3*n - 6, -2*s - s - 409 = -n. Let w = a + s. What are the prime factors of w?
3
Suppose 5*n = 4*m - 17371, 28*n = 31*n - 15. What are the prime factors of m?
4349
Let c = 1111 + 208. Let k = c - 460. List the prime factors of k.
859
Let y(v) = v**3 + 57*v**2 + 99*v - 49. List the prime factors of y(-51).
2, 37, 71
Let g be -5*3*(-7 - -8). What are the prime factors of g/(-35) - 53120/(-56)?
13, 73
Suppose -5*o = -4*g + 9405 + 48514, 6 = -2*o. List the prime factors of g.
2, 7, 11, 47
Let m = 100 - 3. Let d = 44 - m. Let r = 94 + d. What are the prime factors of r?
41
Suppose 6*l - 46 = -o + 2*l, -4*l - 230 = -5*o. Suppose 2*s = -r + 43, -r = 2*s + r - o. List the prime factors of 4/(s/95) - -1.
2, 5
Suppose 14*r + 3*h - 3564 = 13*r, 0 = -3*h. List the prime factors of r.
2, 3, 11
Suppose -d = -63 + 140. Let u = d + 86. Suppose -5*x = u + 1, -132 = -o + 2*x. What are the prime factors of o?
2
Let l = 183 - 157. List the prime factors of 9720/l + (-92)/(-598).
2, 11, 17
Let d(b) = -34*b + 2*b**3 + 89*b**2 - 2*b - 13*b - 18 - 95. What are the prime factors of d(-45)?
67
Suppose 0 = v - 4, -2*z + 62*v - 61*v = -23866. What are the prime factors of z?
5, 7, 11, 31
Let h be (-12 + 4/(-2))/(4/14). Let g = -15 - h. Let q = g + 135. List the prime factors of q.
13
Let g = 46 + -42. Let q(k) = 4*k**3 + g*k**2 - 2 - 11 - 3*k**3 - 23*k**2 + 22*k. List the prime factors of q(18).
59
Suppose 0 = 3*v + 119*v - 14884. What are the prime factors of v?
2, 61
Let p = 33410 - -3661. What are the prime factors of p?
3, 1373
Suppose 2*h - 6 = -5*x, -4*x - 3 = -h - 0. What are the prime factors of x + (-967)/(-4) + (-56)/(-224)?
2, 11
Suppose 5*l + 3666 = 4*c, -2*l + 5*c = 349 + 1131. What are the prime factors of (4/(-8))/(5/l)?
73
Let o(g) = -3*g**2 - 1 + 2*g**2 + 3 - 275*g**3 + 4*g**2 + 4*g. List the prime factors of o(-1).
2, 3, 23
Let h(l) = -l**3 - 6*l**2 - 9*l + 95. Let q be h(-16). Let u = -1978 + q. What are the prime factors of u?
821
List the prime factors of 0 + 15489 + -10 + 21 + -7.
15493
Let u = 31623 + -21613. List the prime factors of u.
2, 5, 7, 11, 13
Let v(o) = o**3 - 33*o**2 + 35*o - 69. Let q be v(32). Suppose 7*l + 17180 = q*l. List the prime factors of l.
859
What are the prime factors of ((-249452)/(-20) - -2) + 10 + 424/(-40)?
2, 3, 7, 11
Suppose -15 = -w - 6. Suppose 27*p - 24*p - w = 0. Suppose r = -2*t + 18, -3*r = -p*t - 82 - 8. List the prime factors of r.
2, 13
Let n = -80 + 83. List the prime factors of (-688)/(-3) - n/9.
229
Let z be (-10)/(-2) + (38 - 34). Suppose z*u - 5666 = 2209. List the prime factors of u.
5, 7
Let i = -145 + 143. List the prime factors of (7 + i)/(3*2/12).
2, 5
Let c = 4 + -1. Suppose -r + 28 = c*v, -3*r - 33 - 13 = -4*v. Suppose -6*l - 256 = -v*l. What are the prime factors of l?
2
What are the prime factors of 1*-6*(-114218)/156?
23, 191
Let d be ((-8)/(-16))/((-1)/66). Let t = -37 - d. List the prime factors of (8 - (t + 8))*5.
2, 5
Let g be -2 + ((-2)/(-1) - (-10 + 5)). Suppose g*q - 2944 = -549. What are the prime factors of q?
479
Let q(o) = 702*o**2 - 93*o - 265. List the prime factors of q(-3).
2, 1583
Let q be (5 - 3)*-8 - -6. List the prime factors of 2 - ((-16)/40 + 5326/q).
5, 107
Let g = -3053 - -5495. Let m = g - 1669. What are the prime factors of m?
773
Let i be 8/(-20) + 1/(20/(-232)). Let f be (-1 + 424/i)*-15 + 3. Suppose -4*m = -4*r - f, 4*m + 0*r - 551 = r. List the prime factors of m.
2, 3, 23
Let d(g) = -27*g + 30. Suppose 125 = -2*x - x + 4*w, 0 = 3*x - 5*w + 130. What are the prime factors of d(x)?
3, 5, 13
Let b(q) = q + 10. Let z be b(-5). Let x be ((-6)/z + 0)/(4/(-180)). List the prime factors of 443/9 + (-12)/x.
7
Let i be 931/14*(-2 - -6). Suppose 2*s - 4*x + 298 = -6*x, 5*s - 2*x = -766. Let b = i + s. List the prime factors of b.
2, 3, 19
Suppose 2*h + 17 + 25 = r, 18 = r + 4*h. Let m be 2*7/((-21)/12)*-1. Let i = m + r. What are the prime factors of i?
2, 3, 7
Suppose 5*y + 213 = 6*y. Suppose -2*m - y - 21 = 0. Let p = 211 + m. List the prime factors of p.
2, 47
Suppose -20 = -d + 3*r, 0 = -5*d + 4*r + 56. Suppose -1713 = -d*a + 5*a. What are the prime factors of a?
571
Let x(d) = -311*d. Let k be x(-1). Suppose -5*u + 303 = 3*c, 0*u - c = 5*u - k. List the prime factors of (-2 + u/(-12))*-4.
29
Let b(d) = 667*d + 451. What are the prime factors of b(12)?
5, 19, 89
Let d(w) = 2*w**2 - 19*w - 42. Let j be 56/(-20)*(5 - 10). List the prime factors of d(j).
2, 3, 7
Suppose 6 = -5*q + 3*q. Let f be ((q/(-1))/(-3))/(2/(-278)). Suppose 153 = 2*m - f. What are the prime factors of m?
2, 73
Suppose 17607 = -b + 20193. What are the prime factors of b?
2, 3, 431
Let u = 31 - 14. List the prime factors of u.
17
Suppose 1 = -2*k + 2*p - 3*p, -30 = -5*k + 4*p. List the prime factors of ((-1103)/k)/(6/36*-3).
1103
Suppose -99877 = 104*j - 41*j - 1541506. What are the prime factors of j?
7, 467
Suppose -4*p = -5*g - 16 + 37, 4*p = -2*g + 14. Suppose -g*x + 4*s = -4966, -2*x + 306 = -3*s - 1679. List the prime factors of x.
2, 7, 71
Let n be ((-10)/(-4))/((-60)/(-48)). Suppose 0 = -x + 5*j + n, -34 = -2*x - 4*j - 2. Suppose x*y - 605 = 7*y. List the prime factors of y.
11
Suppose 3*u + 2*a = 20882 + 7198, 0 = -0*a - 5*a. What are the prime factors of u?
2, 3, 5, 13
Suppose -137220 = -104*j + 613556. What are the prime factors of j?
7219
Let n(d) = 4438*d + 202. List the prime factors of n(2).
2, 3, 17, 89
Suppose -56*h + 207 = -353. Suppose 0 = 5*f + 6 + 19. Let y = f + h. List the prime factors of y.
5
Let g(q) = -72 - 76 + 4*q + 69*q**2 + 140. List the prime factors of g(3).
5
Suppose 0 = -4*b - 8*a + 5*a + 26, -2*b - a = -12. Suppose -4*u - 1130 = -b*r, 5*r - 7*u + 4*u - 1125 = 0. What are the prime factors of r?
2, 3, 37
Suppose 6*c - 10*c + 16 = 0. Let n be c/2 + (0 - (-2)/2). Suppose t + 20 = 2*j, -2*t - 2*t = n*j - 8. What are the prime factors of j?
2
Suppose 5*w + 12420 - 41183 = -4*s, -15 = -5*w. List the prime factors of s.
7187
Suppose -72*j + 86*j + 42 = 0. List the prime factors of (j - 342/(-8))*8.
2, 3, 53
Let w(o) = 308*o**2 - 102*o + 14. What are the prime factors of w(-4)?
2, 5, 107
Suppose -191*t + 38*t + 4757139 = 114*t. List the prime factors of t.
3, 5939
Let o(a) = 4*a**2 + 32*a + 9. Let t be o(-14). Suppose 0*x = -3*y + 2*x - 386, x + 132 = -y. Let m = y + t. What are the prime factors of m?
5, 43
Suppose s - 34 = -3. Let w = -64 + 64. Let c = s - w. List the prime factors of c.
31
Suppose 0 = 5*r - 4*b - 9, 0 = 23*b - 20*b - 12. Suppose -4*p = r*j - 0*j - 3375, j = 4*p - 3381. List the prime factors of p.
5, 13
Let g(d) = 2 + 4*d + 3*d - 6*d + 2*d - 6*d**3. Let o(z) = 2*z + 45. Let u be o(-23). List the prime factors of g(u).
5
Suppose -7*d + 23*d - 2528 = 0. Let z = 1755 - d. List the prime factors of z.
1597
Suppose 3*l - 6 = 3. Let q(n) = n**3 + 6. Let j be q(0). Suppose -j = l*f - 45. What are the prime factors of f?
13
Suppose 0 = -4*u + 4*i + 48081 + 5967, -2*u + 5*i + 27030 = 0. List the prime factors of u.
2, 5, 7, 193
Suppose 7*x = -4*p + 4*x + 9248, 0 = 3*p + 3*x - 6936. Let f = p - 1625. What are the prime factors of f?
3, 229
Let a(t) = 20*t**3 - 5*t**2 - 13*t + 9. Let s be a(6). Suppose -s = -10*u + 1609. Let z = u - 338. What are the prime factors of z?
2, 5, 23
Suppose -29*f - 2767 = -30*f. Suppose 7 = -10*w + f. List the prime factors of w.
2, 3, 23
Suppose 0 = -76*l + 2662752 + 569224. What are the prime factors of l?
2, 11, 1933
Let